 is divided by s.
12
Let d be (51/6)/(1/(-6)). Let w be (d/(-68))/(3/8). Suppose 0 = -5*t - w*v + 7*v + 40, 0 = 2*t - 5*v - 7. What is the remainder when 30 is divided by t?
8
Let y(i) = -22*i + 72. Calculate the remainder when 32 is divided by y(3).
2
Suppose 64*o + 378 = 73*o. Calculate the remainder when 247 is divided by o.
37
Let s(c) be the second derivative of -c**3 - c**2 + 11*c. What is the remainder when 30 is divided by s(-3)?
14
Let q = -176 + 201. Calculate the remainder when 101 is divided by q.
1
What is the remainder when 922 is divided by (-21)/(-6) - 27/(-18)?
2
Suppose 4*o = 2*f - 0*f + 50, -o - 5*f + 18 = 0. Calculate the remainder when 89 is divided by o.
11
Let t = 659 - 599. What is the remainder when 121 is divided by t?
1
Let z(x) = x**2 - 5*x + 5. Let t be 63/(-14) + 2/(-4). Calculate the remainder when z(t) is divided by -19*(2 - (-9)/3*-1).
17
Let x(r) = -2*r**2 + 37*r - 37. Calculate the remainder when 838 is divided by x(17).
12
Suppose 2*c + 6 = 0, 0 = -3*m + 2*c - 1 + 37. Calculate the remainder when -4 - ((-114)/3 + -3) is divided by m.
7
Let r be 78/104 - (-3)/(-4). Suppose -7*n + 73 + 109 = r. What is the remainder when 43 is divided by n?
17
Suppose r = -2*y + 139, -3*y + 4*r = -134 - 91. Suppose -7 = -w + y. Let m = -2521 - -2541. What is the remainder when w is divided by m?
18
Suppose 2479*c - 3154 = 2477*c. What is the remainder when c is divided by 10?
7
Let v(u) = 4*u. Let o be v(1). Suppose -o*x = -7 - 25. What is the remainder when x is divided by 3 + 12/(-30)*(-30)/12?
0
Let y = 215 - 195. Calculate the remainder when y is divided by 15.
5
What is the remainder when (-84)/462 - (-1852)/22 is divided by 49?
35
Let c = -253 + 281. Calculate the remainder when c is divided by 22.
6
Suppose -3*x = 5*z - 168, -2*z = 263*x - 266*x - 63. Calculate the remainder when 35 is divided by z.
2
Suppose -3*v = 2*q + v - 16, 3*q - 24 = -2*v. Let g(b) = -b + 2. Let s be g(-2). Suppose q = -s*l + 20. Calculate the remainder when l is divided by 2.
1
Suppose -1169*r + 1178*r - 135 = 0. Suppose -5*x = 3*s - 389, 0 = -5*x - 0*s - 2*s + 391. Let v = 137 - x. Calculate the remainder when v is divided by r.
13
What is the remainder when 117 is divided by (-5 + -1 + 2)*255/(-30)?
15
Suppose 378 - 175 = 7*s. Calculate the remainder when 57 is divided by s.
28
Suppose 2 = 4*h - 2*h. Let n(o) = 8*o**3 + o**2 - o + 1. What is the remainder when ((-208)/(-20))/(4/10) is divided by n(h)?
8
Let m(b) = -4*b**3 - 7*b**2 - 8*b - 1. Calculate the remainder when m(-3) is divided by 37.
31
Suppose 2*z - 5*c = -6, -6 = -0*z - z - 2*c. Suppose 6*u + 240 = 2*b + z*u, 5*u = 10. What is the remainder when b is divided by 32?
28
Suppose 0 = -5858*g + 5855*g + 54. What is the remainder when 267 is divided by g?
15
Let t = 1114 + -825. What is the remainder when t is divided by 49?
44
Suppose -85 - 5 = -3*g. Let m = g + -27. Suppose -8 = 2*l - m*l. Calculate the remainder when 22 is divided by l.
6
Suppose -2*v - 36 = -314. Let h be 1378/14 + 93/(-217). Let q = v - h. Calculate the remainder when q is divided by 14.
13
Let f(b) = -b**2 - 6*b - 25. Let l be f(-6). Let g = -2 - l. Calculate the remainder when 66 is divided by g.
20
Let u(n) = n**3 - 7*n**2 - 18*n - 12. Let l(d) = -d**2 + d - 1. Let p(i) = -4*l(i) - u(i). What is the remainder when p(12) is divided by 11?
7
Suppose 0*m + 34 = 2*a - 2*m, -a + 17 = -2*m. What is the remainder when (-2)/(4/10)*(-70 - -26) is divided by a?
16
Suppose 0 = 3*l + f - 24, 0 = -4*l - 2*f + 30 + 2. What is the remainder when 13 is divided by l?
5
Let a(w) = w**3 + 11*w**2 + 13*w + 2. Let s be (9 - (-2 - -2))/(-1). What is the remainder when a(s) is divided by ((-2)/(-4))/((-3)/(-144))?
23
Let b = 35 - 13. Suppose 4 = -4*z + 40. Calculate the remainder when b is divided by z.
4
Suppose -f + 6*d - 8*d = -115, -5*d - 239 = -2*f. Suppose -2*c - 3*a = c - 30, 0 = 2*c + 5*a - 14. What is the remainder when f is divided by c?
9
Let i(y) = -y**2 + 14*y - 10. Let u be i(13). Suppose 5*g = w - u*w + 194, 0 = -5*w - 5*g + 455. Calculate the remainder when w is divided by 15.
12
Let z(g) = -g**3 - 8*g - 6. Let q be z(7). Calculate the remainder when 87 is divided by q/(-36)*8/3.
27
Suppose 0 = -46*u + 22*u + 2784. Suppose 162 = 3*t + 42. What is the remainder when u is divided by t?
36
Let j(n) = -n**2 - 12*n - 11. Let l be j(-7). Suppose l*b - 20*b - 40 = 0. What is the remainder when 38 is divided by b?
8
Suppose 17*c - 75 = 12*c. Suppose -c = -2*d + 1. Calculate the remainder when d is divided by 5.
3
Suppose 18*u - 8298 = -162. What is the remainder when u is divided by 57?
53
Suppose -o = -5*b + 56, b - 16 = -3*o + 2*o. Let v(f) = 10*f**3 - 4*f**2 + 3*f - 1. Calculate the remainder when v(2) is divided by b.
9
Suppose -34*r + 35*r = 8. Calculate the remainder when 80/15*42/r is divided by 10.
8
Let j(h) = h**3 - h**2 + 2. Let u be j(0). Suppose -51*l = -58*l + 35. What is the remainder when (-15 + 2/u)/(-2) is divided by l?
2
Calculate the remainder when 6/1 + 130 - (8 + -2) is divided by 23.
15
Let h = 396 - 238. Let q = -85 + h. What is the remainder when q is divided by 15?
13
Suppose -4*p + 7*c - 2*c - 20 = 0, -c = -3*p - 4. Let a(k) = -k**3 + 2*k + 18. What is the remainder when 68 is divided by a(p)?
14
Suppose -70*k - 84 = -77*k. What is the remainder when 57 is divided by k?
9
Suppose -5*y - 3*d + 286 = -89, 278 = 4*y - 2*d. Calculate the remainder when y is divided by 16.
8
Let t = -4 + 10. Let d = t + -3. Suppose -28 = -2*f - 18. What is the remainder when f is divided by d?
2
What is the remainder when 188 is divided by (-12)/78 + (-2 - (-236)/13)?
12
Suppose -k + 265 = -3*x, -k - 15*x = -17*x - 265. Calculate the remainder when k is divided by 10.
5
Let w be 0 + -1 - -3 - (0 - -1). Let x = w + 26. What is the remainder when x is divided by 14?
13
What is the remainder when 102 is divided by 54/(-5)*(7 - (-152)/(-16))?
21
Suppose -11*w + 15*w + 972 = 3*y, w = -y + 331. Suppose -4*z - y = -4*m, m + 3*z - 6*z = 86. What is the remainder when m is divided by 29?
22
Suppose 770 = 31*l + 4*l. What is the remainder when 87 is divided by l?
21
Let b = -80 - -77. What is the remainder when 16 is divided by ((-2)/8*b)/(4/32)?
4
Let k be ((-6)/(-4) + -1)*2. Let v(r) = 3*r + 1. Let b be v(7). Let o = b + k. What is the remainder when o is divided by 8?
7
Let i = 33 - 33. Suppose r - 4*u - u - 27 = 0, i = -r - 2*u + 20. What is the remainder when r is divided by 4?
2
Let v = -371 - -687. Suppose -z = 5*f + 3*z - v, 3*f - 187 = -5*z. Suppose -h + f = 27. Calculate the remainder when h is divided by 20.
17
Suppose 5*h - 295 = o, 0 = -3*h + 4*h + 3*o - 43. Calculate the remainder when 230 is divided by h.
56
Suppose -3*w - 15 = -2*u, -3*w - 4*u + 6 - 21 = 0. What is the remainder when (102/w)/((-8)/20) is divided by (-6)/(-4) - 69/(-6)?
12
Let f = -690 + 799. Suppose 5*j = 3*b + 101, -2*b = j + b - 31. Calculate the remainder when f is divided by j.
21
Let d be (9 + -9)/(-2 - -1). Suppose -5*o + 45 = -4*z - z, d = z. Calculate the remainder when o is divided by 8.
1
Let k be 18/15*30/9. Suppose 35 = -4*r + 3*x, -k*r - 26 = -x - 1. Calculate the remainder when 11 is divided by (-6)/15*r - -4.
5
What is the remainder when 191 is divided by (-55)/4*2*(82 + -84)?
26
Suppose n + 4*q - 30 = 0, -5*n + 185 - 65 = 5*q. Suppose 0 = j - 0*j - 5, -2*j - 838 = -4*l. Calculate the remainder when l/5 - (-2)/(-5) is divided by n.
20
Suppose x - 520 = -7*x. Let z = -50 + x. Calculate the remainder when 42 is divided by z.
12
Suppose 0 = 2*w + m - 280, -69*m = -68*m - 4. What is the remainder when w is divided by 21?
12
Let j = 60 + -89. Let v = 55 + j. What is the remainder when 103 is divided by v?
25
Suppose -3*m + 273 = j, -2*m = 2*m + 3*j - 364. Let p = m + -24. What is the remainder when p is divided by 20?
7
Suppose 135 = 4*h - 5*w, -2*h - 3*w = h - 81. Calculate the remainder when h*15/(-2)*3/(-9) is divided by 19.
18
Suppose 2*w = 10 - 4. Suppose -5*p + 18 = g, w*g - 4*p = 2*g + 9. Calculate the remainder when g is divided by 5.
3
Suppose 0 = -52*g + 56*g - 280. What is the remainder when g is divided by 29?
12
Calculate the remainder when 52 is divided by (66/15)/(-7*(-1)/70).
8
Let j(l) = -l**2 + 15. Let n be j(-6). Wha